**4 - 5*f**3/3 - 11*f**2/2 + 4*f. Let s be x(9). Suppose -s = -6*t + 86. What is the tens digit of t?
3
Suppose 30*n - 67704 = -22*n. What is the tens digit of n?
0
Let j(r) = 15*r**2 - 4*r. Let n be j(3). Suppose -n = -v - 4*q, -v = v + q - 218. What is the units digit of v?
7
Let l be 10/3*24/10. Suppose 2*m + s = 3*s + l, 5*m - 2*s - 17 = 0. What is the units digit of m/9*3*2?
2
Let w = 5 + -7. Let v be -6 + 0/(-6 - -4). Let n = w - v. What is the units digit of n?
4
Suppose -2 = -4*x + 6. Suppose 5*t + 3*s = 13, -4*s + 12 = 3*t + x. Suppose -58 = -3*r + t*w, 112 = 3*r + 5*w + 26. What is the units digit of r?
2
Let u(w) be the third derivative of -3*w**4/2 - 11*w**3/6 + 6*w**2. Let a be u(-4). Suppose 3*f - 2*f = -3*y + 79, y - a = -2*f. What is the units digit of f?
4
Let p(k) be the second derivative of 13/2*k**2 + 11*k + 0 + k**3. What is the units digit of p(7)?
5
Let o be (122*-1)/(-6 - -5). What is the units digit of o/2 - 12/3?
7
Let y(c) = c**2 + 4*c + 2. Let r be y(-2). Let t be (-25)/10 + 1/r. What is the units digit of (-10)/t + 2/3?
4
Suppose 87 = 6*m - 1095. What is the hundreds digit of m?
1
Let t be 4/12 - 1198/(-6). Let p be 4/(-6) + t/12. Let g = 37 - p. What is the units digit of g?
1
Let d(k) = k**2 + 3*k + 2. Suppose 4 = 3*o - 5. Let w be d(o). Suppose -2*v = -0*v + 3*n - w, -v - 5*n + 17 = 0. What is the units digit of v?
7
Let l(g) = -15*g**3 - 4*g**2 + 6. What is the hundreds digit of l(-3)?
3
Suppose -2*x = -0*x + 78. Let j = 50 + x. What is the tens digit of j?
1
Suppose 0 = w + 8 - 33. Suppose w*v + 212 = 27*v. What is the tens digit of v?
0
Suppose -452*j - 2294 = -454*j. What is the units digit of j?
7
Let u(r) = 5*r - 13. Let z be 1/((-129)/(-33) + -4). Let h = z + 22. What is the units digit of u(h)?
2
Let n be 49/21 + 2/(-6). Suppose 0 = -n*i - 3 + 19. What is the units digit of i?
8
Let a be (-5044)/(-6) + (-14)/21. Suppose 5*r - a = -7*r. What is the units digit of r?
0
Suppose 6*r - r + 3070 = 5*d, d = 2*r + 612. What is the units digit of d?
6
Let v = 1301 - 632. What is the hundreds digit of v?
6
Suppose -15 = -8*j + 9. Suppose 0 = 4*w + 2*b - 1214, b + 3*b = j*w - 883. What is the units digit of w?
1
Let t be 24/14 - 8/(-28). Suppose -a = t*a + 3. What is the tens digit of (a/(-2))/(1/94)?
4
Suppose 13 = -x + 14. Let w(v) = -x + v - 2*v + 9 + 1. What is the tens digit of w(-4)?
1
Let h(v) = 2*v - 11. Let n be h(8). Suppose -2*c - 5*r - 21 = -2*r, 22 = c - n*r. What is the units digit of -2*(c + 2) - -37?
9
Let l(z) = -z**3 + 7*z**2 - z + 7. Suppose -k + 5 = -0*k. Let i be l(k). Suppose f = 4*r + 5*f - 104, -i = -2*r + f. What is the tens digit of r?
2
Suppose -2*l = -3*w - 10, 11 = 4*l + 4*w - 29. Suppose -l = -2*b - 2. What is the units digit of b?
3
Let b be 17 + (1/1)/1. Suppose 16*c = b*c - 158. What is the units digit of c?
9
Let t be 120/6*52/10. Suppose 0 = 4*h + t - 404. What is the tens digit of h?
7
Suppose 5*s - 7*s = -138. What is the tens digit of s?
6
Let i(d) = 764*d**3 - 3*d**2 + 3*d. What is the hundreds digit of i(1)?
7
Let b(i) = 3*i**2 + 3*i**3 - 4*i + 0*i + 2 + 2*i. Suppose 3*u = -j + 9 - 5, 4*j - 2 = -5*u. What is the tens digit of b(u)?
3
Let k = 4 - 4. Let m = -10 - k. What is the units digit of (2 - (5 - 2))*m?
0
Suppose -5*n - 202 = 3*z, 0 = -3*z + 5*n + 37 - 219. What is the tens digit of 4/(-22) + 72/33 - z?
6
Let t(j) = -j**2 + 1. Let d(z) = z**3 - 6*z**2 + z + 48. Let c(g) = d(g) - 6*t(g). What is the units digit of c(0)?
2
Let n = 2356 + -1271. What is the units digit of n?
5
Let h(z) be the third derivative of -17*z**4/4 - z**3/3 - 5*z**2. Let f be h(-1). Let t = f - 71. What is the units digit of t?
9
Let x = -9 + 16. What is the units digit of (40/2)/(7/x)?
0
Let u be (-76)/(-5) + 5/(-25). Suppose 7*m - u = 4*m. Suppose -m*q = -27 - 13. What is the units digit of q?
8
Let y(v) = v**3 + 6*v**2 + 4*v - 8. Let p be y(-6). Let f = p - -60. Let l = f + 9. What is the tens digit of l?
3
Suppose 4*h = f - 528, 478 - 3086 = -5*f + 4*h. What is the hundreds digit of f?
5
Suppose -4*u = -f + 183, 3*f + u + 2*u = 609. Suppose f + 113 = 3*s. What is the hundreds digit of s?
1
Suppose -1150 = -2*f + s, -10*s + 9*s + 2868 = 5*f. What is the units digit of f?
4
Let o(g) = -g**3 - 4*g**2 - 4*g + 1. Let b be o(-3). Let d = b + -1. Suppose 2*i + 2 = d*i. What is the units digit of i?
2
Let w be 3*2/(-15) - (-888)/120. Let h(t) = 2*t**2 + 9*t + 10. What is the hundreds digit of h(w)?
1
Suppose 0 = -4*t + j + 13, 5*t = 2*j + j + 11. Suppose -3*k + 2 = -t. Suppose 3*m + k*f = -2*f + 52, -f - 22 = -m. What is the tens digit of m?
2
Let s = 9 - -15. Suppose 22*i - s*i + 80 = 0. Let c = 59 - i. What is the tens digit of c?
1
Suppose -6*r + 23676 = 2*q, -11*q + 9*q + 3951 = r. What is the tens digit of r?
4
Suppose -27 = 5*c + 3. What is the units digit of (-1 + 0)/(2/c) - 0?
3
Let g be (-28)/7 + (-2 - -7). Let y = g - -34. What is the units digit of y?
5
What is the thousands digit of 810964/176 + (-1)/(-4)?
4
Suppose 3 = -5*r + 13. What is the units digit of 8/(-6)*(-24)/r?
6
Let h = -23 - -25. Suppose -4*u = -s + 4*s - 102, s - h*u - 34 = 0. What is the tens digit of s?
3
Let q(i) = i**3 - 9*i**2 - 9*i - 6. Let m be q(10). Suppose m*h + h - 105 = 0. What is the units digit of h?
1
Let y(w) = 118*w**3 + 2*w**2 - 12*w + 11. What is the units digit of y(1)?
9
Let q(c) = -c**3 - 5*c**2 + c + 7. Let v be q(-5). Suppose -6*h + 3 + 195 = 0. What is the tens digit of 85/v - h/(-22)?
4
Let j(t) = 2095*t + 21. What is the hundreds digit of j(2)?
2
Suppose -4*z = z - 4*q + 146, 0 = -3*z + 5*q - 85. Let o be ((-6)/(-18))/(2/z). Let c = o - -8. What is the units digit of c?
3
What is the hundreds digit of ((-154)/(-55))/((-2)/(-470))?
6
Let s be 55/10*(15 + -1). Let k = s + -47. Suppose -30 - k = -2*w - 4*p, -p = -2*w + 40. What is the tens digit of w?
2
Let a(m) = 2*m**2 + 26*m - 12. Suppose 6*f + 7 = -77. What is the units digit of a(f)?
6
Suppose -4*v + 8 = -3*v. Suppose -v*n = -216 - 608. What is the units digit of n?
3
Suppose 4*y + v = 2 + 8, 4*v = -8. Suppose -8 = -2*h - 2*a, h + y*a = -0*h + 2. Suppose 0 = -5*s + 60 + h. What is the tens digit of s?
1
What is the tens digit of (14/14)/(-2 - (-21645)/10821)?
0
Let n(t) be the third derivative of 37*t**6/40 + t**3/6 + t**2. What is the tens digit of n(1)?
1
Let j = 156 - -130. Suppose -2*c + 0*k + 2*k + j = 0, 2*c + 5*k - 286 = 0. What is the units digit of c?
3
Let w be (-55)/(-11) - 0/1. Suppose -b + 2*v - 5 = -18, -b - 3*v = 2. Suppose w*q - 6*q = -b. What is the units digit of q?
7
Let v = 1 - -5. Let y be (v/(-10))/(7/(-35)). Suppose 0 = y*t - 19 - 92. What is the tens digit of t?
3
Let d(h) = h**2 - 20 + 8 + 11 - 12*h. What is the units digit of d(13)?
2
Suppose 4*u = 4*x - x - 952, 3*u = 2*x - 633. What is the tens digit of x?
2
Suppose -3 - 9 = -4*x. Let r = -8 + 8. What is the units digit of 24/x + (r - 0)?
8
Let j be (-17 - -17)*(-1)/3. What is the tens digit of 64*(j - -1) - -5?
6
Let g(c) = -3*c**2 + 8*c - 3. Let s be g(5). Let d = s - -67. What is the units digit of d?
9
Let u(i) = -19*i + 22. Let r(c) = 20*c - 23. Let t(m) = -5*r(m) - 4*u(m). Let j(l) = 6*l - 7. Let a(d) = -15*j(d) - 4*t(d). What is the units digit of a(2)?
9
Suppose 4*u - 4*k = 1352, -9*k + 1730 = 5*u - 4*k. What is the units digit of u?
2
Suppose 0 = f + 3*y - 20, 3*y - 10 = f - 0*f. Suppose -z + 121 = o, f = -3*o + 5*z + 408. What is the tens digit of o?
2
Let l(b) = 56*b**2 - 9*b + 16. Let m(v) = -11*v**2 + 2*v - 3. Let s(n) = -2*l(n) - 11*m(n). What is the tens digit of s(-3)?
9
Let m = -33 + 51. Suppose v - m = -2*k - 1, -4*v + 13 = -3*k. What is the units digit of v?
7
Suppose -3*z = -4*m - 673 + 2453, 4*m = -3*z + 1780. Suppose -11*u = -644 - m. What is the units digit of u?
9
Suppose -3*x + 4*x - 488 = 5*q, -q - 1422 = -3*x. What is the hundreds digit of x?
4
Let b be 5/(-20) + (-3)/(-12). Suppose -912 = -4*h - 2*i, -3*h - 5*i - 394 + 1064 = b. What is the units digit of h?
0
Let f = 93 + -90. Suppose z + 242 = f*z. What is the tens digit of z?
2
Let x be 0/2 + 56 + -4. Suppose -12*g + x = -8*g. What is the tens digit of g?
1
What is the tens digit of 20/((-3)/(-12) + 2 + -2)?
8
Let y(m) be the third derivative of m**5/60 - m**4/24 - m**3/2 + 8*m**2. Let